 a composite number?
True
Is 112553099443 a composite number?
False
Is 292560041 composite?
False
Is 9833769137 a prime number?
True
Is 35518344391 a prime number?
False
Is 1963899761 a composite number?
True
Is 6364835699 composite?
False
Is 17535297167 a composite number?
False
Is 4224854917 a prime number?
True
Is 26723833 a prime number?
True
Is 942271945 a prime number?
False
Is 4870531067 prime?
True
Is 22411240739 a prime number?
True
Is 11162445691 a composite number?
False
Is 180096711 a composite number?
True
Is 97884754699 composite?
True
Is 121264732691 composite?
True
Is 70673168459 prime?
False
Is 183073039 prime?
True
Is 15012379781 composite?
True
Is 1194066695 prime?
False
Is 49682338897 composite?
True
Is 355351193 prime?
False
Is 312450567961 prime?
False
Is 4241305097 composite?
False
Is 43634618257 a prime number?
False
Is 29477681 a prime number?
True
Is 21922129897 composite?
False
Is 3845370871 composite?
True
Is 725482579 a prime number?
True
Is 4222115243 a prime number?
True
Is 2803162443 a prime number?
False
Is 334018469207 composite?
False
Is 11521203866 a prime number?
False
Is 1393675177 prime?
True
Is 23463647 a prime number?
True
Is 36577152691 composite?
False
Is 1341787801 a composite number?
True
Is 12198323777 a prime number?
True
Is 731019383 a prime number?
True
Is 23233064401 a prime number?
False
Is 248107991 a composite number?
True
Is 11536636079 a prime number?
False
Is 11309157137 a composite number?
False
Is 366105239 a prime number?
False
Is 40052883413 composite?
True
Is 17538289121 a prime number?
False
Is 4649788561 prime?
False
Is 5399533663 a prime number?
False
Is 43245336263 prime?
True
Is 11558621627 prime?
False
Is 12838789141 prime?
False
Is 9407159969 a prime number?
True
Is 75638595973 a prime number?
False
Is 6531421123 a prime number?
True
Is 2104968659 a composite number?
True
Is 1404767773 a composite number?
False
Is 8948261153 a composite number?
True
Is 174157769 a prime number?
False
Is 115975961447 a prime number?
False
Is 1419115483 a composite number?
False
Is 423337679 composite?
True
Is 164604379603 composite?
False
Is 1483644515 a composite number?
True
Is 2743967857 a composite number?
True
Is 542162541 prime?
False
Is 59421397051 a composite number?
False
Is 245177708411 a composite number?
False
Is 3746102933 a composite number?
False
Is 2937699803 prime?
True
Is 2468649241 a composite number?
True
Is 4509633433 a prime number?
True
Is 154526011 composite?
False
Is 914082677 composite?
False
Is 1948659923 composite?
True
Is 30114311 prime?
True
Is 56960943115 a prime number?
False
Is 189941214253 composite?
True
Is 324693653 composite?
True
Is 16621494563 prime?
True
Is 22438926901 a prime number?
True
Is 343832711 prime?
False
Is 1151463869 a composite number?
True
Is 13801779259 composite?
True
Is 144489901 a composite number?
True
Is 22193830781 a prime number?
True
Is 18402499513 a composite number?
False
Is 1777381363 a composite number?
False
Is 1003415849 prime?
True
Is 40123940027 a prime number?
True
Is 769857911 a prime number?
False
Is 46353822673 a composite number?
False
Is 37071592531 a prime number?
False
Is 380908793 a composite number?
True
Is 58537697411 prime?
True
Is 3731221733 prime?
True
Is 23212681771 prime?
True
Is 13587786887 a composite number?
True
Is 16589320271 a prime number?
False
Is 6718515967 composite?
False
Is 1415842357 a composite number?
True
Is 1282160629 prime?
False
Is 4380088637 composite?
True
Is 3224258689 a composite number?
False
Is 145188371 prime?
True
Is 1596591583 composite?
False
Is 10188867343 prime?
True
Is 2260339087 a composite number?
True
Is 4152668539 composite?
False
Is 1083533621 prime?
True
Is 401851379 a composite number?
True
Is 671204371 a prime number?
False
Is 3698085493 a composite number?
False
Is 2737014479 prime?
True
Is 86293061 prime?
True
Is 1609676557 prime?
True
Is 240735961 prime?
True
Is 4934409289 a prime number?
False
Is 13368721777 composite?
False
Is 23492815937 a prime number?
True
Is 13329901609 prime?
False
Is 17066929057 composite?
False
Is 36569601083 composite?
True
Is 226453013297 a prime number?
False
Is 101333213 composite?
True
Is 5781549611 prime?
True
Is 1814926339 prime?
True
Is 4490518921 prime?
False
Is 1601087729 a prime number?
True
Is 4835657987 a composite number?
False
Is 449553641 prime?
False
Is 1269351799 prime?
True
Is 874348679 a prime number?
False
Is 12277710853 a prime number?
False
Is 1999022089 composite?
True
Is 136842179459 a composite number?
True
Is 1236189313 a composite number?
False
Is 173774997451 a composite number?
True
Is 40240463551 a composite number?
False
Is 54764992873 composite?
True
Is 18400654967 a prime number?
True
Is 1145916647 a prime number?
True
Is 2573850793 a composite number?
False
Is 71479011311 a composite number?
False
Is 1029639197 a composite number?
True
Is 2756580169 a composite number?
True
Is 12352901167 a composite number?
True
Is 18177587 a prime number?
True
Is 3595941409 a prime number?
False
Is 2778718699 prime?
True
Is 7257811523 prime?
True
Is 4100340451 prime?
False
Is 1258193639 a composite number?
True
Is 14151718447 prime?
True
Is 11313349913 a composite number?
False
Is 61515414137 prime?
True
Is 435671741 prime?
True
Is 201738326089 a prime number?
True
Is 594633241 a prime number?
False
Is 144602535989 composite?
True
Is 47722092703 prime?
False
Is 8391342679 a composite number?
False
Is 1187310947 prime?
False
Is 161800152431 composite?
False
Is 3553552429 a composite number?
True
Is 71005257421 composite?
True
Is 12828384287 composite?
False
Is 558722113 a composite number?
True
Is 283048433 composite?
True
Is 60375047 composite?
False
Is 24656716639 a composite number?
True
Is 4033454609 a prime number?
False
Is 551856161 prime?
True
Is 283775039 a prime number?
False
Is 19693083689 prime?
True
Is 66998843 a composite number?
True
Is 24134248907 prime?
True
Is 180768353 prime?
False
Is 159022007 prime?
False
Is 106709551 composite?
True
Is 56113559 prime?
True
Is 4679287 prime?
True
Is 936640423 a prime number?
True
Is 5991564991 prime?
False
Is 148251089 composite?
True
Is 8876724691 composite?
True
Is 5821937713 composite?
True
Is 274853837 a prime number?
True
Is 46518193 a prime number?
False
Is 980722531 prime?
True
Is 29004581 a prime number?
True
Is 30746973541 composite?
True
Is 3406983959 a composite number?
False
Is 60202443563 prime?
False
Is 109969567 a prime number?
True
Is 3272652706 a prime number?
False
Is 5128245377 a composite number?
True
Is 1318240841 composite?
True
Is 3010074541 a prime number?
True
Is 497237633 composite?
True
Is 192477872471 composite?
False
Is 5389726049 prime?
False
Is 62460654119 composite?
True
Is 1442949899 a prime number?
False
Is 24752983 composite?
False
Is 35335350679 composite?
False
Is 86862766219 composite?
True
Is 17400601 a composite number?
False
Is 15873500417 prime?
True
Is 17206419581 composite?
True
Is 11002723429 a composite number?
False
Is 27812141582 prime?
False
Is 1263589531 a prime number?
False
Is 90535919 a composite number?
True
Is 665544833 a composite number?
False
Is 14794256327 prime?
True
Is 20279686447 composite?
True
Is 332434903 a prime number?
False
Is 19330466843 prime?
True
Is 30201949591 a composite number?
True
Is 18195358795 composite?
True
Is 613840133 a prime number?
False
Is 21581445689 prime?
False
Is 287561904461 a prime number?
False
Is 28595468743 a prime number?
False
Is 895453511 prime?
False
Is 1444430419 a prime number?
True
Is 39806065547 composite?
True
Is 14478476851 composite?
True
Is 2528634709 a prime number?
False
Is 6516432323 a composite number?
True
Is 814287751 prime?
True
Is 12939989605 a prime number?
False
Is 2189446723 composite?
False
Is 7857380387 a composite number?
True
Is 29231705639 prime?
True
Is 950324329 a composite number?
False
Is 2734353823 prime?
False
Is 277449671 prime?
True
Is 19410222193 composite?
False
Is 27405311777 a prime number?
True
Is 38769313939 a prime number?
False
Is 16849801469 prime?
False
Is 25207942741 a prime number?
True
Is 3636156899 composite?
False
Is 97790179 composite?
False
Is 1942634009 composite?
False
Is 5046095489 a prime number?
True
Is 24876316849